2
Suppose -28 - 1 = -r. What is the units digit of r?
9
Let t be (15/(-4))/(4/(-16)). Suppose 5*m + 3*a = 0, 4*a = -5*m + 3 - 8. Suppose -t = -3*u - m. What is the units digit of u?
4
What is the tens digit of 10/8*(-14 + -6)*-9?
2
Let s(g) = 8*g**2 - 5*g + 4. What is the hundreds digit of s(-5)?
2
Let o = 30 + -18. What is the units digit of o?
2
Let k(f) = f**3 - 4*f**2 - 4*f + 1. Let p be k(5). Let i be (10/4)/((-1)/(-4)). Let a = i - p. What is the units digit of a?
4
Suppose -5*f = -3*f - 72. What is the units digit of f?
6
What is the units digit of ((-6)/4)/((-6)/36)?
9
Suppose 4*p = 3*n - 1, -3*p = -8 + 2. Suppose 2*d = 10, 4*d - 9 = n*r - 34. What is the tens digit of r?
1
Suppose l = -0*l - 16. Let k = l - -22. What is the units digit of k?
6
Let o be (0/1)/(1/1). What is the units digit of (10 - o) + 3/(-1)?
7
Suppose 30*d - 26*d = 168. What is the tens digit of d?
4
Let p(s) be the first derivative of -3/2*s**2 - 5/3*s**3 - 5*s + 1/4*s**4 + 1. What is the units digit of p(6)?
3
Let y(a) = 18*a**3 + 4*a**2 + 3*a - 5. Let w(k) = -36*k**3 - 9*k**2 - 7*k + 11. Let f(l) = -4*w(l) - 9*y(l). What is the units digit of f(-1)?
8
Suppose 0 = 5*u - 6*u - 1, 2*b + 3*u - 33 = 0. What is the units digit of b?
8
Suppose -4*z - 5*r + 79 = 0, 0 = 3*z - 0*r - 4*r - 67. Suppose -5*k + 5*b = 75, 5*k + 4*b - 12 + 51 = 0. Let d = z + k. What is the units digit of d?
0
Let y(z) = z**3 + 6*z**2 - 8*z + 5. Let n(t) be the second derivative of t**3/6 - t**2 + 2*t. Let i be n(-5). What is the units digit of y(i)?
2
Let v(c) = -c**2 + 7*c - 8. Let f be v(5). Let p(k) = 5*k + 3. What is the tens digit of p(f)?
1
Suppose -4*r + 19 = -3*a, -3*r + 3*a + 13 = -5*r. What is the units digit of (r - -20)/((-3)/(-2))?
4
Let g be (-4)/2*(-2)/2. What is the units digit of ((-10)/g)/((-5)/35)?
5
Suppose -g + 413 = 4*h - 414, 4*h - 2*g - 818 = 0. What is the tens digit of h?
0
Suppose -16*w = -7*w - 234. What is the tens digit of w?
2
Suppose 5*f - 5*v = 20, -v + 0 = -5*f + 20. Suppose -f*u - 8 = 0, -u = 5*d - 2 - 16. What is the units digit of d?
4
Suppose -k - 9 = 2*k. What is the units digit of k/(-1) - (3 - 3)?
3
Let h(c) = -7*c + 5*c**2 - 5 + 1 + 0*c - 4*c**2. Let z be h(8). Let i(m) = -m**3 + 5*m**2 - 3*m - 1. What is the units digit of i(z)?
3
Let m(z) = z**2 + 5*z - 3. Let w be m(-5). What is the units digit of w/(-2) - (-13)/2?
8
Let g(i) = -i + 12. What is the units digit of g(-6)?
8
Let h(u) = u**3 - 4*u**2 + 4*u + 19. What is the hundreds digit of h(7)?
1
Let g = 47 + 132. What is the tens digit of g?
7
Let w = 4 - 4. Suppose 5*f - 15 = w, -6 = -4*m + m - 4*f. What is the units digit of (6/(-4))/(1/m)?
3
Let m be -3*4/15*5. Let f be m/(-6) + 28/12. Suppose -f*z = -5*z + 12. What is the units digit of z?
6
Let c(w) = -4*w - 6. Let k = 4 + -2. Suppose -a + 4 = -k*a. What is the tens digit of c(a)?
1
Let s be 3/(-1) + 4 + -3. Let j = s - -7. What is the units digit of j?
5
Suppose 4*t + 4*l = -20, -5*t - 30 = -3*t - 2*l. Let n(a) = 11*a + 3. Let u be n(-3). Let h = t - u. What is the units digit of h?
0
What is the units digit of (-310)/3*9*2/(-6)?
0
Let r(z) = -z + 16. Let f be r(11). Let l = 9 - f. Let w = l - 0. What is the units digit of w?
4
Let d(a) = 3*a**3 - a + 1. Let b be d(1). Suppose b*p = 6*p + 6. What is the units digit of (-58)/(-6) - p/(-3)?
9
Suppose 2 = 2*h + 34. Let w = h - -30. What is the tens digit of w?
1
Suppose -3*r = r. Suppose c - 5*c + 92 = r. What is the tens digit of c?
2
Suppose 2*u - 3*s - 53 = 0, -4*s - 18 = 4*u - 134. What is the tens digit of u?
2
Let l(c) = 2*c + 74. Let j be l(0). Let o = 122 - j. What is the units digit of o?
8
Suppose j + 4*j = -110. Let y = 61 + j. Suppose 2*l - 22 = -2*g, y = 3*g + 5*l + 4. What is the tens digit of g?
1
Suppose -t = 9 + 5. Let d be 10/t - (-2)/(-7). Let g = 0 - d. What is the units digit of g?
1
Let d(h) = 7*h + 14. Let y be d(-11). Let q = -31 - y. What is the units digit of q?
2
Let q(l) = -1 - 1 + l**3 + 2*l**2 - 2*l**3 - l. What is the tens digit of q(-2)?
1
Let a = 122 - 47. What is the tens digit of a?
7
Let o(z) = -z**2 + 10*z - 10. Let t(l) = l + 0 + 3*l - 4. Let d be t(3). What is the units digit of o(d)?
6
Let h = -7 - -1. What is the units digit of 2*(h/(-2) + 3)?
2
Suppose 0 = -6*x + 5*x + 94. What is the tens digit of x?
9
Let q(r) = -r**2 + 8. Suppose 2*z = 3*z. What is the units digit of q(z)?
8
Let s be ((-6)/(-10) + -1)*-30. Suppose s = -4*g + 40. What is the units digit of g?
7
Let m = -25 - -13. Let z = -6 - m. What is the units digit of z?
6
Let c(n) = n**3 - 11*n**2 + 2*n + 16. Let h be c(11). Suppose 3*u - h = u. What is the units digit of u?
9
Let h = -2 - 13. What is the units digit of 5*((-9)/h + 1)?
8
Let j be 1/(-2) + (-21)/(-6). Suppose -9*b - 33 = -12*b. Let r = b + j. What is the tens digit of r?
1
What is the hundreds digit of (-4 + -58)*(-14)/4?
2
Let b be (-40)/3*12/(-5). Suppose -4 = -4*z + b. What is the units digit of z?
9
Let v be 3/((-3)/(-10)) - 1. Suppose -3*d = v - 24. Suppose -d*g + 4*m + 19 = -0*m, 3*g - 9 = 3*m. What is the units digit of g?
7
Suppose -2*g + 107 + 79 = 0. What is the tens digit of g?
9
Let n(i) = -3*i + 3. Let p be (3/2 - 1)*4. Let c be -3 - (p - (0 + 2)). What is the units digit of n(c)?
2
Let n = 11 - 15. Let y = n - -2. What is the units digit of (y + -7)/(-3) + -1?
2
Let f be -4*3/(-24)*10. Suppose 5*r = -3*n + 96 + 133, f*r - 3*n = 211. What is the tens digit of r?
4
Suppose 4*f = -2 + 10. What is the units digit of f?
2
Let y = -5 - -8. Suppose 0*p - y*p = -18. What is the units digit of p?
6
Let m = 4 - 1. Suppose -2*k + 18 = k + 5*c, m*k = -2*c + 18. What is the units digit of 44/12 - 4/k?
3
What is the units digit of (-28)/(-4) + (0 - -2)?
9
Let a = 42 + 13. What is the tens digit of a?
5
Suppose -4*b + 45 = 2*x + 15, 0 = -3*x + 4*b - 5. Let y = x - 5. Let l = y + 11. What is the tens digit of l?
1
Suppose 0 = -o + 4*o - 12. Suppose -a = 2*h - 56, -o*a + 85 = 3*h - 2*a. What is the units digit of h?
7
Let m(q) = 16 - 6*q**2 - 10 - 6*q - q**3 - q**2 + 2. What is the units digit of m(-6)?
8
Let n be 2/(-4)*6/(-1). Suppose 16 = w - n*l, 4 = 3*l + 7. What is the tens digit of w?
1
Suppose 5*a + 72 = 317. Suppose -13 = 2*t + 5*d, 0 = 4*t - d - 4*d - a. What is the units digit of t?
6
Let o(r) = -29*r + 25. What is the tens digit of o(-5)?
7
Suppose -w - 8 = -3*w + 5*m, -3*w = -4*m - 5. What is the tens digit of 0 - -3 - (w + -8)?
1
Let o(d) = 3*d - 3. Let a(q) = -q - 3. Let l be a(-5). Let p be o(l). What is the units digit of ((-6)/p)/((-6)/15)?
5
Let g(l) = l**3 + 8*l**2 - 11*l - 13. Let q be g(-9). Suppose -140 = q*a - 10*a. What is the units digit of a?
8
Let i(t) be the third derivative of t**6/120 - t**5/6 - 3*t**4/8 - 4*t**3/3 - 4*t**2. What is the tens digit of i(11)?
1
Suppose -l - 11 = -2*c, 3*l + 2*l - 2*c + 39 = 0. Let h(j) = -11 - 12*j + 3 - j**2 + 3*j. What is the units digit of h(l)?
6
Let d(o) = o**3 - 11*o**2 + 10*o. Let m be d(10). Let r = -3 - m. Let u = 4 - r. What is the units digit of u?
7
Let o = 37 - 26. Let w = 19 - o. What is the units digit of w?
8
Let p(o) = -o**3 - 4*o**2 + 5. What is the units digit of p(-5)?
0
Suppose 0 = 2*f - 52 + 2. Suppose -4*u + 5*u = f. Suppose -2*s - u = -7*s. What is the units digit of s?
5
Suppose -t - 4*t + 70 = 0. What is the tens digit of t?
1
Suppose -32*x + 43*x = 1100. What is the units digit of x?
0
Let m(k) be the third derivative of -k**4/6 - 3*k**3/2 - 2*k**2. What is the tens digit of m(-6)?
1
Let o(w) = 15*w - 11. Let m(r) = 23*r - 17. Let a(h) = 5*m(h) - 8*o(h). Let n be a(6). Let q = n - -43. What is the tens digit of q?
1
Suppose 7*u = 2*u + 15. Suppose 0 = u*v + 4 - 16. What is the units digit of v?
4
What is the units digit of (-320)/(-30) - 2/(-6)?
1
Let l(y) = 6*y**2 + y + 1. Let x be l(2). Let h = x + -23. What is the units digit of h?
4
Let s = 186 - 35. Suppose 5*l = 3*m + s - 27, -m - 102 = -4*l. What is the units digit of l?
6
Suppose -5*h - 4*q + 234 = 0, -2*q + 179 = 4*h - 7*q. What is the units digit of h?
6
Let r(b) = -b**2 + b - 2. Let z be r(2). Let w = 2 + z. What is the units digit of w + 1 - 1*-3?
2
Let c(s) = 5*s**2 + s + 4. Let h(n) = 6*n**2 + 4. Let t(o) = 3*c(o) - 2*h(o). What is the tens digit of t(-3)?
2
Suppose -3*s = -2*s -